{"id":103,"date":"2025-08-30T21:59:17","date_gmt":"2025-08-30T21:59:17","guid":{"rendered":"https:\/\/zephyrmarin.se\/?page_id=103"},"modified":"2025-09-03T18:47:39","modified_gmt":"2025-09-03T18:47:39","slug":"galleri","status":"publish","type":"page","link":"https:\/\/zephyrmarin.se\/index.php\/galleri\/","title":{"rendered":"Galleri"},"content":{"rendered":"<div id=\"pl-103\"  class=\"panel-layout\" ><div id=\"pg-103-0\"  class=\"panel-grid panel-no-style\" ><div id=\"pgc-103-0-0\"  class=\"panel-grid-cell\" ><div id=\"panel-103-0-0-0\" class=\"so-panel widget widget_headline-widget panel-first-child\" data-index=\"0\" ><div class=\"panel-widget-style panel-widget-style-for-103-0-0-0\" >\t\t<h1>Peken<\/h1>\n\t\t<div class=\"decoration\"><div class=\"decoration-inside\"><\/div><\/div>\n\t\t<h3><\/h3>\n\t\t<\/div><\/div><div id=\"panel-103-0-0-1\" class=\"so-panel widget widget_text panel-last-child\" data-index=\"1\" >\t\t\t<div class=\"textwidget\"><!-- Final Tiles Grid Gallery for WordPress v3.6.6 free --><style>#ftg-11 .tile .icon { color:#ffffff; }#ftg-11 .ftg-items .loading-bar i { background:#666; }#ftg-11 .ftg-items .loading-bar { background:#fff; }#ftg-11 .tile .icon { font-size:12px; }#ftg-11 .tile .icon { margin: -6px 0 0 -6px; }#ftg-11 .tile .caption-block .text-wrapper span.text { font-size:14px; }#ftg-11 .tile .caption-outside .text-wrapper span.text { font-size:14px; }#ftg-11 .tile .caption-block .text-wrapper span.title { font-size:14px; }#ftg-11 .tile .caption-outside .text-wrapper span.title { font-size:14px; }#ftg-11 .tile { background-color: transparent; }#ftg-11 .tile .caption-block .text-wrapper span.text { color: #ffffff; }#ftg-11 .tile .caption-block .text-wrapper span.title { color: #ffffff; }#ftg-11 .tile .caption-outside .text-wrapper span.text { color: #ffffff; }#ftg-11 .tile .caption-outside .text-wrapper span.title { color: #ffffff; }#ftg-11 .tile .ftg-social a { color: #ffffff; }#ftg-11 .tile .caption-block { transition-duration:0.25s; }#ftg-11 .tile .tile-inner:before { background-color: #000000; }#ftg-11 .tile .tile-inner:before { background-color: rgba(0, 0, 0, 0.8); }#ftg-11 .tile:hover img {-moz-transform: -moz-rotate(0deg) -moz-scale(0) ;-webkit-transform: -webkit-rotate(0deg) -webkit-scale(0) ;-o-transform: -o-rotate(0deg) -o-scale(0) ;-ms-transform: -ms-rotate(0deg) -ms-scale(0) ;transform: rotate(0deg) scale(0) ;}<\/style><a name=\"1\"><\/a><div class=\"final-tiles-gallery  ftg-hover-enabled caption-inside  caption-none caption-middle caption-center\" id=\"ftg-11\" style=\"width: 100%\"><div class='ftg-items'><div class='loading-bar'><i><\/i><\/div><div  class='tile ftg-preload  '><a title=\"Peke i 42.4 mm rostfritt och mahogany med ankarvippa och kassettstege\" data-lightbox='ftg-11' rel='ftg-11'  class=' tile-inner  ftg-lightbox' href='https:\/\/zephyrmarin.se\/wp-content\/uploads\/2025\/09\/DSC_0026-1024x576-1.jpg' ><img alt='Peke i 42.4 mm rostfritt och mahogany med ankarvippa och kassettstege' class='item skip-lazy' data-class='item' data-ftg-source='https:\/\/zephyrmarin.se\/wp-content\/uploads\/2025\/09\/DSC_0026-1024x576-1.jpg' src='https:\/\/zephyrmarin.se\/wp-content\/uploads\/2025\/09\/DSC_0026-1024x576-1.jpg' width='1024' height='576' \/><div class='caption-block'><div class='text-wrapper'><span class='text'>Peke i 42.4 mm rostfritt och mahogany med ankarvippa och kassettstege<\/span><\/div><\/div><\/a><div class='ftg-social'><\/div><\/div><div  class='tile ftg-preload  '><a title=\"Peke i 42.4mm rostfritt st\u00e5l och teak. Med ankarvippa, kassettstege och gennakerf\u00e4ste, bockad upp f\u00f6r komfort\" data-lightbox='ftg-11' rel='ftg-11'  class=' tile-inner  ftg-lightbox' href='https:\/\/zephyrmarin.se\/wp-content\/uploads\/2025\/08\/IMG_0446-960x480-1.jpg' ><img alt='Peke i 42.4mm rostfritt st\u00e5l och teak. Med ankarvippa, kassettstege, gennakerf\u00e4ste, bockad upp f\u00f6r komfort -' class='item skip-lazy' data-class='item' data-ftg-source='https:\/\/zephyrmarin.se\/wp-content\/uploads\/2025\/08\/IMG_0446-960x480-1.jpg' src='https:\/\/zephyrmarin.se\/wp-content\/uploads\/2025\/08\/IMG_0446-960x480-1.jpg' width='960' height='480' \/><div class='caption-block'><div class='text-wrapper'><span class='text'>Peke i 42.4mm rostfritt st\u00e5l och teak. Med ankarvippa, kassettstege och gennakerf\u00e4ste, bockad upp f\u00f6r komfort<\/span><\/div><\/div><\/a><div class='ftg-social'><\/div><\/div><div  class='tile ftg-preload  '><a title=\"Peke i 42.4 mm rostfritt och mahogany med ankarvippa, kassettstege och gennakerf\u00e4ste\" data-lightbox='ftg-11' rel='ftg-11'  class=' tile-inner  ftg-lightbox' href='https:\/\/zephyrmarin.se\/wp-content\/uploads\/2025\/09\/DSC_0329-960x480-1.jpg' ><img alt='Peke i 42.4 mm rostfritt och mahogany med ankarvippa, kassettstege och gennakerf\u00e4ste' class='item skip-lazy' data-class='item' data-ftg-source='https:\/\/zephyrmarin.se\/wp-content\/uploads\/2025\/09\/DSC_0329-960x480-1.jpg' src='https:\/\/zephyrmarin.se\/wp-content\/uploads\/2025\/09\/DSC_0329-960x480-1.jpg' width='960' height='480' \/><div class='caption-block'><div class='text-wrapper'><span class='text'>Peke i 42.4 mm rostfritt och mahogany med ankarvippa, kassettstege och gennakerf\u00e4ste<\/span><\/div><\/div><\/a><div class='ftg-social'><\/div><\/div><\/div><\/div>\n<p>&nbsp;<\/p>\n<p>&nbsp;<\/p>\n<\/div>\n\t\t<\/div><\/div><\/div><div id=\"pg-103-1\"  class=\"panel-grid panel-no-style\" ><div id=\"pgc-103-1-0\"  class=\"panel-grid-cell\" ><div id=\"panel-103-1-0-0\" class=\"so-panel widget widget_headline-widget panel-first-child\" data-index=\"2\" ><div class=\"panel-widget-style panel-widget-style-for-103-1-0-0\" >\t\t<h1>Targab\u00e5gar<\/h1>\n\t\t<div class=\"decoration\"><div class=\"decoration-inside\"><\/div><\/div>\n\t\t<h3><\/h3>\n\t\t<\/div><\/div><div id=\"panel-103-1-0-1\" class=\"so-panel widget widget_text panel-last-child\" data-index=\"3\" >\t\t\t<div class=\"textwidget\"><!-- Final Tiles Grid Gallery for WordPress v3.6.6 free --><style>#ftg-22 .tile .icon { color:#ffffff; }#ftg-22 .ftg-items .loading-bar i { background:#666; }#ftg-22 .ftg-items .loading-bar { background:#fff; }#ftg-22 .tile .icon { font-size:12px; }#ftg-22 .tile .icon { margin: -6px 0 0 -6px; }#ftg-22 .tile .caption-block .text-wrapper span.text { font-size:12px; }#ftg-22 .tile .caption-outside .text-wrapper span.text { font-size:12px; }#ftg-22 .tile .caption-block .text-wrapper span.title { font-size:14px; }#ftg-22 .tile .caption-outside .text-wrapper span.title { font-size:14px; }#ftg-22 .tile { background-color: transparent; }#ftg-22 .tile .caption-block .text-wrapper span.text { color: #ffffff; }#ftg-22 .tile .caption-block .text-wrapper span.title { color: #ffffff; }#ftg-22 .tile .caption-outside .text-wrapper span.text { color: #ffffff; }#ftg-22 .tile .caption-outside .text-wrapper span.title { color: #ffffff; }#ftg-22 .tile .ftg-social a { color: #ffffff; }#ftg-22 .tile .caption-block { transition-duration:0.25s; }#ftg-22 .tile .tile-inner:before { background-color: #000000; }#ftg-22 .tile .tile-inner:before { background-color: rgba(0, 0, 0, 0.8); }#ftg-22 .tile:hover img {-moz-transform: -moz-rotate(0deg) -moz-scale(0) ;-webkit-transform: -webkit-rotate(0deg) -webkit-scale(0) ;-o-transform: -o-rotate(0deg) -o-scale(0) ;-ms-transform: -ms-rotate(0deg) -ms-scale(0) ;transform: rotate(0deg) scale(0) ;}<\/style><a name=\"2\"><\/a><div class=\"final-tiles-gallery  ftg-hover-enabled caption-inside  caption-none caption-middle caption-center\" id=\"ftg-22\" style=\"width: 100%\"><div class='ftg-items'><div class='loading-bar'><i><\/i><\/div><div  class='tile ftg-preload  '><a title=\"IMG_0698-960x480\" data-lightbox='ftg-22' rel='ftg-22'  class=' tile-inner  ftg-lightbox' href='https:\/\/zephyrmarin.se\/wp-content\/uploads\/2025\/09\/IMG_0698-960x480-1.jpg' ><img alt='IMG_0698-960x480' class='item skip-lazy' data-class='item' data-ftg-source='https:\/\/zephyrmarin.se\/wp-content\/uploads\/2025\/09\/IMG_0698-960x480-1.jpg' src='https:\/\/zephyrmarin.se\/wp-content\/uploads\/2025\/09\/IMG_0698-960x480-1.jpg' width='960' height='480' \/><div class='caption-block'><div class='text-wrapper'><span class='title'>IMG_0698-960x480<\/span><\/div><\/div><\/a><div class='ftg-social'><\/div><\/div><div  class='tile ftg-preload  '><a title=\"IMG_0448-960x480\" data-lightbox='ftg-22' rel='ftg-22'  class=' tile-inner  ftg-lightbox' href='https:\/\/zephyrmarin.se\/wp-content\/uploads\/2025\/09\/IMG_0448-960x480-1.jpg' ><img alt='IMG_0448-960x480' class='item skip-lazy' data-class='item' data-ftg-source='https:\/\/zephyrmarin.se\/wp-content\/uploads\/2025\/09\/IMG_0448-960x480-1.jpg' src='https:\/\/zephyrmarin.se\/wp-content\/uploads\/2025\/09\/IMG_0448-960x480-1.jpg' width='960' height='480' \/><div class='caption-block'><div class='text-wrapper'><span class='title'>IMG_0448-960x480<\/span><\/div><\/div><\/a><div class='ftg-social'><\/div><\/div><div  class='tile ftg-preload  '><a title=\"IMG_0070-768x1024\" data-lightbox='ftg-22' rel='ftg-22'  class=' tile-inner  ftg-lightbox' href='https:\/\/zephyrmarin.se\/wp-content\/uploads\/2025\/09\/IMG_0070-768x1024-1.jpg' ><img alt='IMG_0070-768x1024' class='item skip-lazy' data-class='item' data-ftg-source='https:\/\/zephyrmarin.se\/wp-content\/uploads\/2025\/09\/IMG_0070-768x1024-1.jpg' src='https:\/\/zephyrmarin.se\/wp-content\/uploads\/2025\/09\/IMG_0070-768x1024-1.jpg' width='768' height='1024' \/><div class='caption-block'><div class='text-wrapper'><span class='title'>IMG_0070-768x1024<\/span><\/div><\/div><\/a><div class='ftg-social'><\/div><\/div><\/div><\/div>\n<p>&nbsp;<\/p>\n<p>&nbsp;<\/p>\n<\/div>\n\t\t<\/div><\/div><\/div><div id=\"pg-103-2\"  class=\"panel-grid panel-no-style\" ><div id=\"pgc-103-2-0\"  class=\"panel-grid-cell panel-grid-cell-empty\" ><\/div><\/div><\/div>","protected":false},"excerpt":{"rendered":"<p>&nbsp; &nbsp; &nbsp; &nbsp;<\/p>\n","protected":false},"author":1,"featured_media":0,"parent":0,"menu_order":2,"comment_status":"closed","ping_status":"closed","template":"templates\/template-full-notitle.php","meta":{"footnotes":""},"class_list":["post-103","page","type-page","status-publish","hentry","post"],"_links":{"self":[{"href":"https:\/\/zephyrmarin.se\/index.php\/wp-json\/wp\/v2\/pages\/103","targetHints":{"allow":["GET"]}}],"collection":[{"href":"https:\/\/zephyrmarin.se\/index.php\/wp-json\/wp\/v2\/pages"}],"about":[{"href":"https:\/\/zephyrmarin.se\/index.php\/wp-json\/wp\/v2\/types\/page"}],"author":[{"embeddable":true,"href":"https:\/\/zephyrmarin.se\/index.php\/wp-json\/wp\/v2\/users\/1"}],"replies":[{"embeddable":true,"href":"https:\/\/zephyrmarin.se\/index.php\/wp-json\/wp\/v2\/comments?post=103"}],"version-history":[{"count":18,"href":"https:\/\/zephyrmarin.se\/index.php\/wp-json\/wp\/v2\/pages\/103\/revisions"}],"predecessor-version":[{"id":297,"href":"https:\/\/zephyrmarin.se\/index.php\/wp-json\/wp\/v2\/pages\/103\/revisions\/297"}],"wp:attachment":[{"href":"https:\/\/zephyrmarin.se\/index.php\/wp-json\/wp\/v2\/media?parent=103"}],"curies":[{"name":"wp","href":"https:\/\/api.w.org\/{rel}","templated":true}]}}